{"id":8584,"date":"2022-08-13T10:15:52","date_gmt":"2022-08-13T10:15:52","guid":{"rendered":"http:\/\/issi-ca.com\/home\/?page_id=8584"},"modified":"2022-08-19T15:20:18","modified_gmt":"2022-08-19T15:20:18","slug":"opticien-lunetier","status":"publish","type":"page","link":"http:\/\/issi-ca.com\/home\/opticien-lunetier\/","title":{"rendered":"Opticien lunetier"},"content":{"rendered":"\n<p>L\u2019opticien-lunetier est un professionnel de la sant\u00e9 visuelle en charge de la conception, de l&#8217;ajustement, du montage et de la vente d&#8217;un \u00e9ventail d&#8217;appareils de correction de la vue, lunettes et lentilles particuli\u00e8rement. Ses missions sont assez vari\u00e9es et parfois m\u00e9connues et son m\u00e9tier se situe \u00e0 la jonction entre la profession de technicien et de conseiller commercial. Il s\u2019appuie sur la prescription du m\u00e9decin ophtalmologiste et accompagne les porteurs de lunettes en les conseillant tant techniquement qu\u2019esth\u00e9tiquement.<\/p>\n\n\n\n<h3 class=\"wp-block-heading\">Objectif de la formation<\/h3>\n\n\n\n<p>Le BTS sp\u00e9cialit\u00e9 Opticien lunetier vise \u00e0 former des professionnels appel\u00e9s \u00e0 lutter contre la<br>malvoyance et la c\u00e9cit\u00e9 \u00e9vitable. Ces professionnels ont la charge de corriger les d\u00e9fauts visuels<br>avec des lunettes et d\u2019administrer les soins oculaires d\u2019urgence.<\/p>\n\n\n\n<h3 class=\"wp-block-heading\">Comp\u00e9tences recherch\u00e9es<\/h3>\n\n\n\n<h4 class=\"wp-block-heading\">Comp\u00e9tences g\u00e9n\u00e9riques<\/h4>\n\n\n\n<ul class=\"wp-block-list\"><li>\u00catre responsable et r\u00e9flexif<\/li><li>Disposer d\u2019habilit\u00e9s gestuelles et de capacit\u00e9s relationnelles<\/li><li>Reconnaitre ses \u00e9motions et pouvoir les utiliser avec les acquis professionnels n\u00e9cessaires<\/li><li>Disposer d\u2019une confiance et d\u2019une assurance av\u00e9r\u00e9es<\/li><li>Avoir la capacit\u00e9 critique et de questionnement<\/li><li>D\u00e9velopper une \u00e9thique et une normale professionnelle<\/li><li>Prendre des d\u00e9cisions r\u00e9fl\u00e9chies<\/li><li>Agir avec autonomie et responsabilit\u00e9 dans les champs bien d\u00e9limit\u00e9s de sa fonction <\/li><li>Ma\u00eetriser la gestion (financi\u00e8re, stock, ressources humaines), le marketing et les normes vis-\u00e0-vis de la r\u00e9glementation en vigueur pour le meilleur suivi des activit\u00e9s dans les cabinets<\/li><li>\u00catre apte \u00e0 communiquer ais\u00e9ment aussi bien \u00e0 l\u2019\u00e9crit qu\u2019\u00e0 l\u2019oral<\/li><li>Ma\u00eetriser l\u2019outil informatique et les TIC<\/li><\/ul>\n\n\n\n<h4 class=\"wp-block-heading\">Comp\u00e9tences sp\u00e9cifiques<\/h4>\n\n\n\n<h5 class=\"wp-block-heading\">Maitrise de la r\u00e9fraction (Examen visuel)<\/h5>\n\n\n\n<ul class=\"wp-block-list\"><li>Adapter la prescription et \u00e9tablir la formule de l\u2019\u00e9quipement optique<\/li><li>Proposer et \u00e9valuer des solutions (en termes de compensation &#8211; protection &#8211; performance\u2026)<\/li><li>Proc\u00e9der \u00e0 l\u2019examen visuel et aux essais de la basse vision<\/li><li>Constater une anomalie et orienter vers un autre professionnel de sant\u00e9 <\/li><li>Communiquer, assurer et d\u00e9velopper les relations avec les professionnels de sant\u00e9.<\/li><\/ul>\n\n\n\n<h5 class=\"wp-block-heading\">Technicien Vendeur (Commercialisation)<\/h5>\n\n\n\n<ul class=\"wp-block-list\"><li>Accueillir, s\u2019informer des besoins et renseigner <\/li><li>Pr\u00e9parer la vente <\/li><li>Analyser la morphologie, la posture, le visage du client<\/li><li>Analyser les besoins visuels du client (prescription &#8211; utilisation &#8211; souhaits du client) <\/li><li>Proc\u00e9der aux essais pr\u00e9alables, mettre en condition d\u2019utilisation et prendre les mesures (lunettes, \u00e9quipements sp\u00e9cifiques)<\/li><li>Concevoir l\u2019\u00e9quipement (lunettes, \u00e9quipement sp\u00e9cifique) <\/li><li>Proposer et faire choisir l\u2019\u00e9quipement (lunettes, \u00e9quipement sp\u00e9cifique) <\/li><li>R\u00e9diger la fiche d\u2019ex\u00e9cution <\/li><li>Proc\u00e9der aux essais pr\u00e9alables, mettre en condition d\u2019utilisation et prendre les mesures (basse vision, lentilles de contact)<\/li><li>Proposer, conseiller et vendre des instruments d\u2019optique (aides visuelles, microscopes, jumelles, t\u00e9lescopes, lunettes terrestres et astronomiques)<\/li><li>Proposer, conseiller et vendre des accessoires et des produits d\u2019entretien d\u2019optique.<\/li><\/ul>\n\n\n\n<h5 class=\"wp-block-heading\">Technique de montage de l&#8217;\u00e9quipement<\/h5>\n\n\n\n<ul class=\"wp-block-list\"><li>Connaissance du mat\u00e9riel d\u2019atelier <\/li><li>Composition et caract\u00e9ristiques des meules <\/li><li>Caract\u00e9ristiques des diff\u00e9rents types des meules (meules \u00e0 main, raineuses, cranteuses, meules automatiques)<\/li><li>Les diff\u00e9rents programmes pour tailler les verres <\/li><li>Alimentation<\/li><li>Circuit d\u2019eau <\/li><li>\u00c9vacuation des d\u00e9chets <\/li><li>Pr\u00e9cautions d\u2019emploi<\/li><li>Maintenance courante et consommable.<\/li><\/ul>\n\n\n\n<h5 class=\"wp-block-heading\"><strong>Centrage et axage des verres<\/strong><\/h5>\n\n\n\n<ul class=\"wp-block-list\"><li>Mode de centrage (manuel-pointage des gravures &#8211; automatique <\/li><li>R\u00e9f\u00e9rences en fonction des verres<\/li><li>R\u00e9f\u00e9rences en fonction des mesures <\/li><li>Transcription des mesures <\/li><li>Fixation du verre <\/li><li>Choix du support adapt\u00e9.<\/li><\/ul>\n\n\n\n<h5 class=\"wp-block-heading\"><strong>Per\u00e7age &#8211; crantage<\/strong><\/h5>\n\n\n\n<ul class=\"wp-block-list\"><li>Diff\u00e9rents types de perceuses<\/li><li>Position des per\u00e7ages &#8211; crantage<\/li><li>Syst\u00e8mes de fixation.<\/li><\/ul>\n\n\n\n<h5 class=\"wp-block-heading\"><strong>Montage des verres<\/strong><\/h5>\n\n\n\n<ul class=\"wp-block-list\"><li>V\u00e9rifications pr\u00e9alables <\/li><li>Axage, horizontalit\u00e9 des verres<\/li><li>Etat de la monture (m\u00e9niscage) <\/li><li>Choix mat\u00e9riel adapt\u00e9 (au type de monture et au type de verres).<\/li><\/ul>\n\n\n\n<h5 class=\"wp-block-heading\"><strong>Rhabillage<\/strong><\/h5>\n\n\n\n<ul class=\"wp-block-list\"><li>Suivant un protocole adapt\u00e9 \u00e0 la monture et aux verres <\/li><li>Suivant les pr\u00e9conisations demand\u00e9es (pr\u00e9-ajustage) <\/li><li>Pr\u00e9parer l\u2019\u00e9quipement pour la livraison.<\/li><\/ul>\n\n\n\n<h5 class=\"wp-block-heading\"><strong>R\u00e9paration, Entretien<\/strong><\/h5>\n\n\n\n<ul class=\"wp-block-list\"><li>Montures m\u00e9talliques<\/li><li>Montures plastiques<\/li><li>Montures glace (Nylon, perc\u00e9e).<\/li><\/ul>\n\n\n\n<h4 class=\"wp-block-heading\">D\u00e9bouch\u00e9s<\/h4>\n\n\n\n<ul class=\"wp-block-list\"><li>Fonction publique <\/li><li>H\u00f4pitaux et cliniques priv\u00e9es<\/li><li>ONG (Organisations Non Gouvernementales)<\/li><li>Auto-emploi<\/li><li>M\u00e9decine du travail<\/li><li>Recherche et formation<\/li><li>PMI.<\/li><\/ul>\n\n\n\n<p><\/p>\n","protected":false},"excerpt":{"rendered":"<p>L\u2019opticien-lunetier est un professionnel de la sant\u00e9 visuelle en charge de la conception, de l&#8217;ajustement, du montage et de la vente d&#8217;un \u00e9ventail d&#8217;appareils de correction de la vue, lunettes et lentilles particuli\u00e8rement. Ses missions sont assez vari\u00e9es et parfois m\u00e9connues et son m\u00e9tier se [&hellip;]<\/p>\n","protected":false},"author":1,"featured_media":0,"parent":0,"menu_order":0,"comment_status":"closed","ping_status":"closed","template":"","meta":{"footnotes":""},"class_list":["post-8584","page","type-page","status-publish","hentry"],"_links":{"self":[{"href":"http:\/\/issi-ca.com\/home\/wp-json\/wp\/v2\/pages\/8584","targetHints":{"allow":["GET"]}}],"collection":[{"href":"http:\/\/issi-ca.com\/home\/wp-json\/wp\/v2\/pages"}],"about":[{"href":"http:\/\/issi-ca.com\/home\/wp-json\/wp\/v2\/types\/page"}],"author":[{"embeddable":true,"href":"http:\/\/issi-ca.com\/home\/wp-json\/wp\/v2\/users\/1"}],"replies":[{"embeddable":true,"href":"http:\/\/issi-ca.com\/home\/wp-json\/wp\/v2\/comments?post=8584"}],"version-history":[{"count":11,"href":"http:\/\/issi-ca.com\/home\/wp-json\/wp\/v2\/pages\/8584\/revisions"}],"predecessor-version":[{"id":8622,"href":"http:\/\/issi-ca.com\/home\/wp-json\/wp\/v2\/pages\/8584\/revisions\/8622"}],"wp:attachment":[{"href":"http:\/\/issi-ca.com\/home\/wp-json\/wp\/v2\/media?parent=8584"}],"curies":[{"name":"wp","href":"https:\/\/api.w.org\/{rel}","templated":true}]}}